se -u - 4*n + 166 = 0, -4*u - y*n + 616 = -5*n. What are the prime factors of u?
2, 3, 5
Let h be ((-4)/6)/((-2)/3). Let o(y) = -2*y + 2*y**2 + 2*y**2 + y. What are the prime factors of o(h)?
3
Suppose 8*p - 15 - 1 = 0. Suppose p*f - 4*c = 28, 6*f = 5*f + c + 13. What are the prime factors of f?
2, 3
Let k = 252 - 73. Let n = k + 25. List the prime factors of n.
2, 3, 17
Let k = 122 + -9. Let u = 31 + k. List the prime factors of u.
2, 3
Let t = -21 - -23. Suppose -y + 11 = -0*y. Suppose -r - y = -t*r. What are the prime factors of r?
11
Let a = 1659 + -848. What are the prime factors of a?
811
Let k(y) = -3*y**2 - 5*y - 9. Let s be (-10 - -5)/(1/1). Let v be k(s). List the prime factors of 4 - 0 - (v + 14).
7
Let z(b) = 46*b**2 + 3*b - 43. List the prime factors of z(6).
7, 233
Let m be -3*5/30*-10. Suppose -2*o + 225 = -m*t - 336, -2*t + 6 = 0. List the prime factors of o.
2, 3
Let s = 79 + -76. List the prime factors of 2/14 + (-1425)/(-21) + s.
71
Let s(i) be the third derivative of -3*i**4/4 - 7*i**3/6 - 6*i**2. What are the prime factors of s(-3)?
47
Let o = -432 + 748. What are the prime factors of o?
2, 79
Let l = 185 + 147. List the prime factors of l.
2, 83
Let a = 335 + 19. Suppose 1104 = 5*j + a. What are the prime factors of j?
2, 3, 5
Suppose 3*y - 22 = -10. Let p(x) = -3*x**3 + 13*x**2 - 4*x + 3. What are the prime factors of p(y)?
3
Suppose -42 = -5*f + 2*b, 4*b - 52 = -4*f + b. Let d = 23 - f. Let j = d + 26. What are the prime factors of j?
3, 13
Suppose 116 = 4*v - 180. Suppose -i = -p + 2 + 41, 5*i = 2*p - v. List the prime factors of p.
47
Suppose 0 = 2*a + 5*y - 5861, -8788 = -36*a + 33*a - 4*y. What are the prime factors of a?
2, 3, 61
Suppose -n = -3*n. Let y(f) = -f**2 + 2*f + 60. List the prime factors of y(n).
2, 3, 5
Suppose 5*s + 7*y - 5394 = 9*y, 0 = 3*s + 4*y - 3226. List the prime factors of s.
2, 7, 11
Let l(z) = -z**3 + 8*z**2 + 9*z - 4. Let v be l(9). Let x(w) = -47*w + 25. What are the prime factors of x(v)?
3, 71
List the prime factors of ((-89)/(-267))/(1 - (-3220)/(-3222)).
3, 179
Let j = 331 - 173. Suppose s + 12 = v - 14, 5*v = -2*s + j. What are the prime factors of v?
2, 3, 5
List the prime factors of (-28)/112 - 9786/(-8).
1223
Let w = 441 + 1261. What are the prime factors of w?
2, 23, 37
Let h(d) = d**2 - d - 2. Let j be h(-2). Suppose j*p = -u + 45, 5*u + 7*p - 3*p - 193 = 0. List the prime factors of u.
37
Suppose -4*t + 8 = -2*t. Let a be 19/t + 1/4. Suppose 0*l + a*l - 95 = 0. What are the prime factors of l?
19
Suppose -5317 - 4451 = -12*j. List the prime factors of j.
2, 11, 37
Let i(g) be the second derivative of g**5/20 + g**4/12 + g**3/3 - g**2/2 - 17*g. What are the prime factors of i(4)?
3, 29
Let r = -3844 - -7872. List the prime factors of r.
2, 19, 53
Let i(m) = 2*m**2 + 2*m + 10. Let r be i(-6). Suppose 2*g - 234 = -r. What are the prime factors of g?
2, 41
Let q be (-2 - -2) + 3 + 12/(-4). Let b(d) = d**2 - d + 51. List the prime factors of b(q).
3, 17
Let l(j) = j**3 + 10*j**2 - 14*j + 3. Let p be l(-11). Suppose 6*o + p = 2*o. List the prime factors of (o + 8)/(2/(-20)).
2, 5
Let y(x) = 4*x**3 + 13*x**2 + 11*x - 13. Let q(w) = w**3 + w. Let p(u) = -3*q(u) + y(u). List the prime factors of p(-12).
5, 7
Let w(t) = t**3 + 14*t**2 + 13*t - 55. Let k be w(-13). Suppose -4*s = -3*x + x + 174, -4*s + 211 = 3*x. Let h = x + k. List the prime factors of h.
2, 11
Suppose -6*f = -40 - 86. Let i be (-1 - 0)/((-2)/6). Let x = f + i. What are the prime factors of x?
2, 3
List the prime factors of (-10 - -1 - -2) + 318.
311
Let c = 82 + -79. Let a = 2 - 3. What are the prime factors of c + 0 + 0 - a?
2
Let j = 1008 + -698. List the prime factors of j.
2, 5, 31
Suppose 0 = 12*n - 11*n - 7. Let h be (4/4)/(1/n). Suppose -3*o + 50 = -w + h, -o + 5 = 2*w. What are the prime factors of o?
13
Let h be (-4)/22 + 36204/77. Suppose -h = -6*y - 86. Suppose y = 3*t + t. List the prime factors of t.
2
Let w(t) = -36*t + 27. List the prime factors of w(-6).
3
Let b be -8 + (-2 - (1 - 1)). Suppose 7 = -2*y + 3*q, 0*y + y = -4*q - 9. What are the prime factors of 3 + (b/y - -2)?
7
Suppose -5*n + 18 = 2*k, n = -k - 4*n + 14. Suppose k*g - c - 222 = 21, 0 = -g + 2*c + 66. What are the prime factors of g?
2, 3, 5
Let h = -44 - -43. List the prime factors of ((-242)/(-22))/(h/(-11)).
11
Let l(g) = -g - 11. Let u be l(-18). Suppose -u*h = -3*h - 192. List the prime factors of h.
2, 3
Suppose -3*d - 4 = -13. List the prime factors of -2*((-73)/2 - d).
79
Let l = -284 + 1345. What are the prime factors of l?
1061
What are the prime factors of (6746/(-8))/((-13)/52)?
3373
Let t = 2 + 0. Let s(h) = h**2 - 2. Let d be s(t). Suppose d*z + z - 69 = 0. List the prime factors of z.
23
Suppose 55 = -z + f, -263 = 5*z - f + 16. Let l = z + 141. List the prime factors of l.
5, 17
Let t(r) = 2*r - 11. Suppose 4*u = -f - 0*f + 28, -f = -2*u + 20. List the prime factors of t(u).
5
Let w = 864 + 5. What are the prime factors of w?
11, 79
Suppose -16 = -7*j + 3*j. Suppose 206 = j*g + 70. Let n = 75 - g. List the prime factors of n.
41
Suppose -27 - 7 = -r. Let a = r + 15. What are the prime factors of a?
7
Let g(h) = -h**2 + 6*h + 9. Let q be g(6). Suppose 12*a - q*a = -33. Let r = 53 + a. List the prime factors of r.
2, 3, 7
Let c(g) = -g**2 - 13*g - 12. Let z be c(-12). Let f = -99 + 164. List the prime factors of f/5 + (1 - z).
2, 7
Let z(f) = -2*f**2 - 4*f - 10. Let v be z(-4). Let l be v - (-1 - 4 - -2). Let g = l + 65. What are the prime factors of g?
2, 3, 7
Let s(m) = -m**2 + 14*m - 15. Let k be s(10). Suppose k*q - 28*q = 168. Let t = q - -91. What are the prime factors of t?
5, 7
Suppose 0 = -2*m + 7*m + 320. Let f = m - -133. What are the prime factors of f?
3, 23
Let j(l) = l**2 - 6*l + 6. Let n be j(4). List the prime factors of (-6 - -4) + (-10)/n.
3
Suppose -5*a + 4*f = 3720 + 532, -4225 = 5*a + 5*f. What are the prime factors of (a/(-8))/((-3)/(-6))?
2, 53
Suppose 0 = 17*z - 15*z. Suppose z = y - 4*y - d + 547, -5*d = 4*y - 722. List the prime factors of y.
3, 61
Let f(v) be the third derivative of v**5/30 + 7*v**4/24 - 8*v**3/3 - 10*v**2. List the prime factors of f(7).
131
Suppose -2*f + 30 = 7*g - 3*g, 3*f = -4*g + 35. Suppose -f*m - 360 = 490. List the prime factors of (-6)/(-8) + m/(-8).
2, 11
Let w = -279 - -616. List the prime factors of w.
337
Suppose d - 4*h + 4 = -h, 0 = -2*d + 4*h. Let v(a) = -d*a - 3*a + 4 - a**2 + 2*a. List the prime factors of v(-8).
2, 3
Let a be 273/(9*1/6). Suppose -z + 4*b = z - a, z = -2*b + 107. Suppose 3*d - 90 = z. What are the prime factors of d?
3, 7
Let u = -2437 - -4216. List the prime factors of u.
3, 593
Let v = 421 + -168. List the prime factors of v.
11, 23
Let o be (-35)/(-7) - (2 - 0). What are the prime factors of o + (3 - 2) - -1*167?
3, 19
Suppose 0 = -3*n + 27 + 21. Suppose 3*v - 47 - n = 0. List the prime factors of v.
3, 7
Suppose -131*k - 11570 = -144*k. What are the prime factors of k?
2, 5, 89
Let o(t) be the first derivative of -1/3*t**3 - t - 8 - 7*t**2. What are the prime factors of o(-12)?
23
Let j be 438*1/(-3)*(-28)/(-14). Let i = j - -507. List the prime factors of i.
5, 43
Let r be (-1)/(-2)*0/(-1). List the prime factors of r - (-21 - (7 - 3)).
5
Let d(h) = h + 12. Let t = -53 - -31. Let w be (2/3)/(t/(-297)). What are the prime factors of d(w)?
3, 7
Suppose -6*p + 706 = -3*p - 4*b, 1205 = 5*p - b. What are the prime factors of p?
2, 11
Suppose 2*v + 48 = 3*t, 4*v = -t + 5*v + 15. Suppose -t + 56 = y. Suppose -4*b + 16 = 0, 4*b - 6*b = 3*k - y. What are the prime factors of k?
2, 5
Let q(t) = -t**3 - 6*t**2 - 8*t - 6. Let a be q(-5). What are the prime factors of (-14)/28 + a/2?
2
Let t(p) = -8*p + 9. Suppose -5 = o + 7. Let q be t(o). Suppose 12*s - 7*s = q. What are the prime factors of s?
3, 7
Let s(c) = -c**3 - 9*c**2 - 21. What are the prime factors of s(-13)?
5, 131
Suppose 9*m = 1504 + 1601. List the prime factors of m.
3, 5, 23
Suppose -28*y = 8675 - 20967. What are the prime factors of y?
439
Let w = -1277 - -3300. What are the prime factors of w?
7, 17
Let u(p) be the second derivative of 2*p**3/3 + 43*p**2/2 + 26*p. What are the prime factors of u(19)?
7, 17
Suppose 4*m + 4*c = -144, 8*m + 104 = 5*m - 2*c. What are the prime factors o